oes 818 divide 39458684?
True
Does 1572 divide 1551799800?
True
Is 25916240 a multiple of 2?
True
Is 17046991 a multiple of 43?
False
Is 39823467 a multiple of 29?
True
Is 10223284 a multiple of 39?
False
Does 677 divide 14824808?
False
Is 5 a factor of 78901565?
True
Does 73 divide 9352906?
True
Does 88 divide 3353416?
True
Is 1138 a factor of 117835348?
True
Does 1475 divide 6464032251?
False
Does 2 divide 192515171?
False
Does 4299 divide 682075041?
True
Is 5291 a factor of 1731049877?
False
Does 161 divide 38244584?
True
Is 295171351 a multiple of 23?
True
Is 10071156 a multiple of 62?
True
Is 3 a factor of 1595367299?
False
Is 5100 a factor of 551034600?
True
Is 3260 a factor of 147792100?
True
Is 19 a factor of 5011703?
False
Is 948 a factor of 162420664?
False
Does 74 divide 645479757?
False
Is 7738 a factor of 873063064?
True
Is 69 a factor of 2179877601?
True
Is 14 a factor of 118042260?
True
Is 89 a factor of 16051896?
False
Is 229 a factor of 83684615?
True
Does 311 divide 1725174547?
False
Is 2202 a factor of 330619272?
False
Is 9424680 a multiple of 24?
True
Does 70 divide 1000771049?
False
Is 3796 a factor of 256293031?
False
Does 793 divide 61218311?
False
Does 11 divide 531297659?
False
Is 340812693 a multiple of 130?
False
Is 128 a factor of 16386155?
False
Is 2859 a factor of 37950366?
True
Is 34238084 a multiple of 14?
False
Is 25498952 a multiple of 1094?
True
Is 1012479848 a multiple of 163?
False
Is 492 a factor of 1745877744?
True
Is 20836244 a multiple of 143?
True
Does 108 divide 1732868061?
False
Does 22 divide 48803678?
True
Is 176493371 a multiple of 770?
False
Does 3458 divide 45507280?
True
Is 3379 a factor of 172741391?
False
Is 500136726 a multiple of 5597?
True
Does 53 divide 1245981593?
False
Is 330 a factor of 10267071?
False
Does 16 divide 502887440?
True
Is 5314642 a multiple of 17?
True
Does 338 divide 92409538?
True
Does 176 divide 337438992?
True
Does 703 divide 1028831361?
True
Is 70 a factor of 2928480407?
False
Is 6 a factor of 695275392?
True
Is 577535158 a multiple of 87?
False
Is 77 a factor of 15681496?
False
Does 236 divide 855750868?
True
Does 6 divide 68354103?
False
Is 70 a factor of 868354499?
False
Is 14781648 a multiple of 37?
True
Is 104210388 a multiple of 1086?
True
Is 197 a factor of 177000434?
False
Does 558 divide 220657752?
True
Does 24 divide 1211208130?
False
Is 3 a factor of 28001232?
True
Is 138 a factor of 325991171?
False
Does 1978 divide 85498856?
False
Is 157837590 a multiple of 283?
True
Is 58 a factor of 1167138659?
False
Is 251473209 a multiple of 170?
False
Is 2867 a factor of 204808296?
False
Is 73 a factor of 40333981?
False
Is 88167732 a multiple of 467?
True
Does 496 divide 5715654512?
True
Is 10 a factor of 8773091?
False
Does 89 divide 289665336?
False
Is 1661779 a multiple of 631?
False
Is 370 a factor of 1003446290?
True
Is 97612931 a multiple of 953?
True
Does 62 divide 859167402?
False
Does 1508 divide 77481474?
False
Does 14 divide 39596495?
False
Is 75643029 a multiple of 363?
True
Is 10 a factor of 21752230?
True
Does 69 divide 59735991?
True
Is 128353429 a multiple of 60?
False
Does 2413 divide 2118614?
True
Is 203 a factor of 337041809?
False
Is 624484036 a multiple of 16?
False
Is 101170554 a multiple of 57?
True
Is 10 a factor of 24033930?
True
Is 15707600 a multiple of 507?
False
Is 2427 a factor of 42040494?
True
Is 13819306 a multiple of 998?
True
Is 161 a factor of 154567256?
False
Is 1197 a factor of 67117112?
False
Is 14 a factor of 15388492?
True
Is 2627796207 a multiple of 8?
False
Is 110 a factor of 5365690?
True
Is 2566732455 a multiple of 81?
True
Is 9 a factor of 3085199379?
True
Is 4 a factor of 255866885?
False
Is 6 a factor of 418468278?
True
Does 4 divide 273363105?
False
Does 109 divide 215622566?
False
Does 4 divide 70715692?
True
Is 11 a factor of 1856107?
True
Does 93 divide 3567567?
False
Is 735286271 a multiple of 769?
True
Does 9 divide 297839698?
False
Does 7429 divide 720515166?
False
Is 56803110 a multiple of 273?
True
Does 711 divide 143672481?
True
Is 411862536 a multiple of 216?
True
Does 345 divide 47785068?
False
Is 1975 a factor of 1447853574?
False
Does 12 divide 5191677?
False
Is 87 a factor of 8426606?
False
Is 21 a factor of 329917077?
True
Does 406 divide 547076880?
True
Is 1361121172 a multiple of 91?
False
Does 6 divide 50624484?
True
Is 3309 a factor of 1738806702?
True
Is 24085306 a multiple of 1112?
False
Does 51 divide 10591208?
False
Is 138795887 a multiple of 57?
False
Is 2 a factor of 3830417?
False
Does 192 divide 11420928?
True
Is 174 a factor of 3668934072?
True
Does 5061 divide 31221309?
True
Is 8420582 a multiple of 2?
True
Is 3 a factor of 19100390?
False
Does 370 divide 2884172200?
True
Is 197182665 a multiple of 309?
False
Is 738974435 a multiple of 155?
True
Is 320 a factor of 155629440?
True
Does 1170 divide 7194422363?
False
Does 26 divide 23831938?
True
Is 1010 a factor of 164232040?
False
Is 7202 a factor of 794142934?
True
Is 2308948 a multiple of 148?
True
Does 473 divide 13111560?
True
Is 4 a factor of 595803904?
True
Does 18 divide 3728086466?
False
Is 1748 a factor of 11447652?
True
Is 546683304 a multiple of 24?
True
Is 1153 a factor of 298229724?
False
Is 24 a factor of 1465001307?
False
Does 286 divide 12126114?
True
Is 515 a factor of 61810815?
True
Is 1219837438 a multiple of 377?
False
Does 158 divide 1051536452?
True
Does 37 divide 752420530?
True
Does 231 divide 38991705?
False
Does 1583 divide 1865221397?
False
Does 1607 divide 660653453?
False
Does 6 divide 25648404?
True
Is 97133248 a multiple of 16?
True
Does 344 divide 299078760?
True
Is 2492776622 a multiple of 7?
True
Is 83674496 a multiple of 64?
True
Is 388 a factor of 116762392?
True
Is 975 a factor of 1095077100?
True
Is 5 a factor of 494357155?
True
Is 502123671 a multiple of 89?
True
Does 2 divide 25465363?
False
Does 1772 divide 556029790?
False
Is 19668790 a multiple of 226?
False
Is 3061 a factor of 47220610?
False
Is 1087569882 a multiple of 14?
True
Is 1121 a factor of 130011338?
True
Is 1240263483 a multiple of 19?
False
Is 220214973 a multiple of 2749?
False
Does 59 divide 619035363?
False
Is 223339703 a multiple of 1502?
False
Is 5683502 a multiple of 451?
True
Does 991 divide 52958049?
True
Does 705 divide 45111157?
False
Is 314 a factor of 290239881?
False
Is 178 a factor of 186685539?
False
Does 5 divide 2965670?
True
Is 463 a factor of 39574857?
False
Does 37 divide 6668695?
True
Does 117 divide 3180294?
True
Does 1268 divide 19170843?
False
Is 241844841 a multiple of 441?
True
Is 4 a factor of 552928832?
True
Does 110 divide 57765620?
True
Is 10 a factor of 26605415?
False
Does 1673 divide 223992975?
False
Is 3634409856 a multiple of 1848?
True
Does 80 divide 332137412?
False
Does 9 divide 25004554?
False
Does 17 divide 343129455?
False
Is 889430868 a multiple of 6?
True
Is 823 a factor of 23870037?
False
Is 1493 a factor of 18329561?
True
Does 29 divide 89285951?
False
Is 2796385960 a multiple of 40?
True
Does 365 divide 279719289?
False
Does 7 divide 57147038?
False
Is 23036160 a multiple of 60?
True
Is 14803390 a multiple of 131?
False
Is 43 a factor of 50469717?
False
Does 129 divide 29569007?
False
Does 16 divide 277803872?
True
Is 102667714 a multiple of 1942?
True
Is 420 a factor of 240295548?
False
Is 26 a factor of 6358144?
True
Is 46551062 a multiple of 243?
False
Is 3311 a factor of 924433578?
False
Is 15 a factor of 509322675?
True
Is 1019 a factor of 106161458?
True
Is 4542931085 a multiple of 11?
True
Is 48 a factor of 24174295?
False
Is 8 a factor of 18376216?
True
Is 8 a factor of 13765704?
True
Does 74 divide 525150059?
False
Is 51 a factor of 145176702?
True
Is 11212420 a multiple of 1440?
False
Is 10 a factor of 16994476?
False
Is 15801271 a multiple of 78?
False
Is 218 a factor of 13154403?
False
Is 43 a factor of 215639268?
False
Is 22331278 a multiple of 6?
False
Does 376 divide 121828888?
True
Is 7125191938 a multiple of 11?
False
Is 9 a factor of 19054154?
False
Is 193020579 a multiple of 13?
False
Is 199510866 a multiple of 1622?
True
Is 393732704 a multiple of 1124?
True
Is 16 a factor of 136716992?
True
Is 141237740 a multiple of 1009?
False
Does 214 divide 82671624?
True
Is 5 